{"id":2,"date":"2017-05-04T14:52:11","date_gmt":"2017-05-04T12:52:11","guid":{"rendered":"http:\/\/karinemaussiere.com\/?page_id=2"},"modified":"2026-02-27T12:56:12","modified_gmt":"2026-02-27T11:56:12","slug":"page-d-exemple","status":"publish","type":"page","link":"https:\/\/www.karinemaussiere.com\/","title":{"rendered":"Notes"},"content":{"rendered":"\t\t<div data-elementor-type=\"wp-page\" data-elementor-id=\"2\" class=\"elementor elementor-2\">\n\t\t\t\t\t\t<section class=\"elementor-section elementor-top-section elementor-element elementor-element-toxivjh elementor-section-boxed elementor-section-height-default elementor-section-height-default\" data-id=\"toxivjh\" data-element_type=\"section\" data-e-type=\"section\">\n\t\t\t\t\t\t<div class=\"elementor-container elementor-column-gap-default\">\n\t\t\t\t\t<div class=\"elementor-column elementor-col-100 elementor-top-column elementor-element elementor-element-bwseklr\" data-id=\"bwseklr\" data-element_type=\"column\" data-e-type=\"column\">\n\t\t\t<div class=\"elementor-widget-wrap elementor-element-populated\">\n\t\t\t\t\t\t<section class=\"elementor-section elementor-inner-section elementor-element elementor-element-ai81eme elementor-section-boxed elementor-section-height-default elementor-section-height-default\" data-id=\"ai81eme\" data-element_type=\"section\" data-e-type=\"section\">\n\t\t\t\t\t\t<div class=\"elementor-container elementor-column-gap-default\">\n\t\t\t\t\t<div class=\"elementor-column elementor-col-50 elementor-inner-column elementor-element elementor-element-vbsu2va\" data-id=\"vbsu2va\" data-element_type=\"column\" data-e-type=\"column\">\n\t\t\t<div class=\"elementor-widget-wrap elementor-element-populated\">\n\t\t\t\t\t\t<div class=\"elementor-element elementor-element-7k1cs8r elementor-widget elementor-widget-text-editor\" data-id=\"7k1cs8r\" data-element_type=\"widget\" data-e-type=\"widget\" data-widget_type=\"text-editor.default\">\n\t\t\t\t<div class=\"elementor-widget-container\">\n\t\t\t\t\t\t\t\t\t<p>16:05<\/p><p>Line<\/p><div>Surface engraved with a narrow stroke, path<\/div><div>imagined between two points. Of singular thickness<\/div><div>a glib remark, a fragment, an unfinished phrase.<\/div><div>It is any one edge of a shape and its contours<\/div><div>in entirety. Melody arranged, a recitation,<\/div><div>the ways horizons are formed. Think of leveling<\/div><div>snaring, the body&rsquo;s disposition both in movement<\/div><div>&amp; repose:. It has to do with palms and creases,<\/div><div>with rope wound tight on someone&rsquo;s hand, things<\/div><div>resembling drawn marks: a structure or a mountain ridge,<\/div><div>an incision, this width of light. A rasor blade<\/div><div>at a mirror, tapping out a dose, or the churn<\/div><div>of conveyor belts, the scoured, idlings machines.<\/div><div>A conduit, a boundary, an exacting<\/div><div>course of thought. And here, the tautness<\/div><div>of tent stakes, earth shoveled, the depth of a trench.<\/div><div>\u00a0<\/div><div>Matt Donovan<\/div>\t\t\t\t\t\t\t\t<\/div>\n\t\t\t\t<\/div>\n\t\t\t\t\t<\/div>\n\t\t<\/div>\n\t\t\t\t<div class=\"elementor-column elementor-col-50 elementor-inner-column elementor-element elementor-element-u6x5vld\" data-id=\"u6x5vld\" data-element_type=\"column\" data-e-type=\"column\">\n\t\t\t<div class=\"elementor-widget-wrap\">\n\t\t\t\t\t\t\t<\/div>\n\t\t<\/div>\n\t\t\t\t\t<\/div>\n\t\t<\/section>\n\t\t\t\t<section class=\"elementor-section elementor-inner-section elementor-element elementor-element-f1v4y6u elementor-section-boxed elementor-section-height-default elementor-section-height-default\" data-id=\"f1v4y6u\" data-element_type=\"section\" data-e-type=\"section\">\n\t\t\t\t\t\t<div class=\"elementor-container elementor-column-gap-default\">\n\t\t\t\t\t<div class=\"elementor-column elementor-col-50 elementor-inner-column elementor-element elementor-element-1g1wf3g\" data-id=\"1g1wf3g\" data-element_type=\"column\" data-e-type=\"column\">\n\t\t\t<div class=\"elementor-widget-wrap\">\n\t\t\t\t\t\t\t<\/div>\n\t\t<\/div>\n\t\t\t\t<div class=\"elementor-column elementor-col-50 elementor-inner-column elementor-element elementor-element-8o8712j\" data-id=\"8o8712j\" data-element_type=\"column\" data-e-type=\"column\">\n\t\t\t<div class=\"elementor-widget-wrap elementor-element-populated\">\n\t\t\t\t\t\t<div class=\"elementor-element elementor-element-mv11d3e elementor-widget elementor-widget-text-editor\" data-id=\"mv11d3e\" data-element_type=\"widget\" data-e-type=\"widget\" data-widget_type=\"text-editor.default\">\n\t\t\t\t<div class=\"elementor-widget-container\">\n\t\t\t\t\t\t\t\t\t<p>18:52<\/p><p><strong>\u00abChemins qui ne m\u00e8nent nulle part \/ entre deux pr\u00e8s, \/ que l&rsquo;on dirait avec art \/ de leur but d\u00e9tourn\u00e9s \/ chemins qui souvent n&rsquo;ont \/ devant eux rien d&rsquo;autre en face \/ que le pur espace \/ et la saison.\u00bb<\/strong><\/p><p>Rainer Maria Rilke<\/p>\t\t\t\t\t\t\t\t<\/div>\n\t\t\t\t<\/div>\n\t\t\t\t\t<\/div>\n\t\t<\/div>\n\t\t\t\t\t<\/div>\n\t\t<\/section>\n\t\t\t\t<section class=\"elementor-section elementor-inner-section elementor-element elementor-element-jjtemho elementor-section-boxed elementor-section-height-default elementor-section-height-default\" data-id=\"jjtemho\" data-element_type=\"section\" data-e-type=\"section\">\n\t\t\t\t\t\t<div class=\"elementor-container elementor-column-gap-default\">\n\t\t\t\t\t<div class=\"elementor-column elementor-col-50 elementor-inner-column elementor-element elementor-element-szed87q\" data-id=\"szed87q\" data-element_type=\"column\" data-e-type=\"column\">\n\t\t\t<div class=\"elementor-widget-wrap elementor-element-populated\">\n\t\t\t\t\t\t<div class=\"elementor-element elementor-element-srzvuut elementor-widget elementor-widget-text-editor\" data-id=\"srzvuut\" data-element_type=\"widget\" data-e-type=\"widget\" data-widget_type=\"text-editor.default\">\n\t\t\t\t<div class=\"elementor-widget-container\">\n\t\t\t\t\t\t\t\t\t<p>\u00a0<\/p><p>\u00a0<\/p>\t\t\t\t\t\t\t\t<\/div>\n\t\t\t\t<\/div>\n\t\t\t\t\t<\/div>\n\t\t<\/div>\n\t\t\t\t<div class=\"elementor-column elementor-col-50 elementor-inner-column elementor-element elementor-element-paognoa\" data-id=\"paognoa\" data-element_type=\"column\" data-e-type=\"column\">\n\t\t\t<div class=\"elementor-widget-wrap elementor-element-populated\">\n\t\t\t\t\t\t<div class=\"elementor-element elementor-element-p6vh8ny elementor-widget elementor-widget-text-editor\" data-id=\"p6vh8ny\" data-element_type=\"widget\" data-e-type=\"widget\" data-widget_type=\"text-editor.default\">\n\t\t\t\t<div class=\"elementor-widget-container\">\n\t\t\t\t\t\t\t\t\t<p>14:30<\/p><p>\u00abPetit \u00e0 petit, pas \u00e0 pas, apr\u00e8s la perception d\u00e9taill\u00e9e, on entre dans une sensation plus abstraite du paysage, dans un \u00e9tat de contemplation cosmique. L&rsquo;identit\u00e9 personnelle se perd, dispara\u00eet. La marche est un processus d&rsquo;ouverture.\u00bb<\/p><p>Kenneth White<\/p>\t\t\t\t\t\t\t\t<\/div>\n\t\t\t\t<\/div>\n\t\t\t\t\t<\/div>\n\t\t<\/div>\n\t\t\t\t\t<\/div>\n\t\t<\/section>\n\t\t\t\t\t<\/div>\n\t\t<\/div>\n\t\t\t\t\t<\/div>\n\t\t<\/section>\n\t\t\t\t<section class=\"elementor-section elementor-top-section elementor-element elementor-element-pxn4oej elementor-section-boxed elementor-section-height-default elementor-section-height-default\" data-id=\"pxn4oej\" data-element_type=\"section\" data-e-type=\"section\">\n\t\t\t\t\t\t<div class=\"elementor-container elementor-column-gap-default\">\n\t\t\t\t\t<div class=\"elementor-column elementor-col-66 elementor-top-column elementor-element elementor-element-mju2abj\" data-id=\"mju2abj\" data-element_type=\"column\" data-e-type=\"column\">\n\t\t\t<div class=\"elementor-widget-wrap elementor-element-populated\">\n\t\t\t\t\t\t<div class=\"elementor-element elementor-element-o0xghuc elementor-widget__width-initial elementor-widget elementor-widget-text-editor\" data-id=\"o0xghuc\" data-element_type=\"widget\" data-e-type=\"widget\" data-widget_type=\"text-editor.default\">\n\t\t\t\t<div class=\"elementor-widget-container\">\n\t\t\t\t\t\t\t\t\t<p>12:01<\/p><p><em><span class=\"st\">\u00ab<\/span><\/em>La limite traverse les rues ; c\u2019est un seuil ; on entre dans un nouveau fief en faisant un pas dans le vide, comme si on avait franchi une marche qu\u2019on ne voyait pas.<span class=\"st\">\u00bb<\/span><\/p><p>Eric Hazan<\/p>\t\t\t\t\t\t\t\t<\/div>\n\t\t\t\t<\/div>\n\t\t\t\t\t<\/div>\n\t\t<\/div>\n\t\t\t\t<div class=\"elementor-column elementor-col-33 elementor-top-column elementor-element elementor-element-bv1tyr6\" data-id=\"bv1tyr6\" data-element_type=\"column\" data-e-type=\"column\">\n\t\t\t<div class=\"elementor-widget-wrap\">\n\t\t\t\t\t\t\t<\/div>\n\t\t<\/div>\n\t\t\t\t\t<\/div>\n\t\t<\/section>\n\t\t\t\t<section class=\"elementor-section elementor-top-section elementor-element elementor-element-lyeqft1 elementor-section-boxed elementor-section-height-default elementor-section-height-default\" data-id=\"lyeqft1\" data-element_type=\"section\" data-e-type=\"section\">\n\t\t\t\t\t\t<div class=\"elementor-container elementor-column-gap-default\">\n\t\t\t\t\t<div class=\"elementor-column elementor-col-100 elementor-top-column elementor-element elementor-element-zqbj16o\" data-id=\"zqbj16o\" data-element_type=\"column\" data-e-type=\"column\">\n\t\t\t<div class=\"elementor-widget-wrap elementor-element-populated\">\n\t\t\t\t\t\t<div class=\"elementor-element elementor-element-h49cjyc elementor-widget__width-initial elementor-widget elementor-widget-text-editor\" data-id=\"h49cjyc\" data-element_type=\"widget\" data-e-type=\"widget\" data-widget_type=\"text-editor.default\">\n\t\t\t\t<div class=\"elementor-widget-container\">\n\t\t\t\t\t\t\t\t\t<p>14:18<\/p><p><em><span class=\"st\">\u00ab<\/span><\/em><strong>Tout devenir repose sur le mouvement<\/strong>.<span class=\"st\">\u00bb\u00a0 <\/span>Paul Klee<\/p>\t\t\t\t\t\t\t\t<\/div>\n\t\t\t\t<\/div>\n\t\t\t\t\t<\/div>\n\t\t<\/div>\n\t\t\t\t\t<\/div>\n\t\t<\/section>\n\t\t\t\t<section class=\"elementor-section elementor-top-section elementor-element elementor-element-0f40ff5 elementor-section-boxed elementor-section-height-default elementor-section-height-default\" data-id=\"0f40ff5\" data-element_type=\"section\" data-e-type=\"section\">\n\t\t\t\t\t\t<div class=\"elementor-container elementor-column-gap-default\">\n\t\t\t\t\t<div class=\"elementor-column elementor-col-100 elementor-top-column elementor-element elementor-element-003bbd4\" data-id=\"003bbd4\" data-element_type=\"column\" data-e-type=\"column\">\n\t\t\t<div class=\"elementor-widget-wrap\">\n\t\t\t\t\t\t\t<\/div>\n\t\t<\/div>\n\t\t\t\t\t<\/div>\n\t\t<\/section>\n\t\t\t\t<\/div>\n\t\t","protected":false},"excerpt":{"rendered":"<p>16:05 Line Surface engraved with a narrow stroke, pathimagined between two points. Of singular thicknessa glib remark, a fragment, an unfinished phrase.It is any one edge of a shape and its contoursin entirety. Melody arranged, a recitation,the ways horizons are formed. Think of levelingsnaring, the body&rsquo;s disposition both in movement&amp; repose:. It has to do [&hellip;]<\/p>\n","protected":false},"author":1,"featured_media":0,"parent":0,"menu_order":0,"comment_status":"closed","ping_status":"closed","template":"elementor_theme","meta":{"footnotes":""},"class_list":["post-2","page","type-page","status-publish","hentry"],"_links":{"self":[{"href":"https:\/\/www.karinemaussiere.com\/index.php?rest_route=\/wp\/v2\/pages\/2","targetHints":{"allow":["GET"]}}],"collection":[{"href":"https:\/\/www.karinemaussiere.com\/index.php?rest_route=\/wp\/v2\/pages"}],"about":[{"href":"https:\/\/www.karinemaussiere.com\/index.php?rest_route=\/wp\/v2\/types\/page"}],"author":[{"embeddable":true,"href":"https:\/\/www.karinemaussiere.com\/index.php?rest_route=\/wp\/v2\/users\/1"}],"replies":[{"embeddable":true,"href":"https:\/\/www.karinemaussiere.com\/index.php?rest_route=%2Fwp%2Fv2%2Fcomments&post=2"}],"version-history":[{"count":48,"href":"https:\/\/www.karinemaussiere.com\/index.php?rest_route=\/wp\/v2\/pages\/2\/revisions"}],"predecessor-version":[{"id":3760,"href":"https:\/\/www.karinemaussiere.com\/index.php?rest_route=\/wp\/v2\/pages\/2\/revisions\/3760"}],"wp:attachment":[{"href":"https:\/\/www.karinemaussiere.com\/index.php?rest_route=%2Fwp%2Fv2%2Fmedia&parent=2"}],"curies":[{"name":"wp","href":"https:\/\/api.w.org\/{rel}","templated":true}]}}